 highest common factor of 1141 and 5216.
163
Calculate the highest common factor of 361 and 19.
19
What is the highest common factor of 300 and 2000?
100
Calculate the highest common divisor of 66 and 165.
33
Calculate the greatest common divisor of 576 and 36.
36
Calculate the greatest common divisor of 9177 and 23.
23
What is the greatest common divisor of 3 and 1677?
3
Calculate the greatest common divisor of 12824 and 168.
56
What is the greatest common factor of 52 and 156?
52
Calculate the highest common divisor of 99 and 11253.
33
What is the greatest common divisor of 27 and 1737?
9
What is the highest common divisor of 4500 and 315?
45
Calculate the highest common divisor of 3298 and 34.
34
What is the greatest common divisor of 51 and 744?
3
Calculate the greatest common divisor of 484 and 88.
44
Calculate the greatest common factor of 6 and 838.
2
What is the greatest common factor of 19602 and 484?
242
What is the highest common divisor of 35 and 15?
5
What is the greatest common factor of 8 and 684?
4
Calculate the highest common factor of 82673 and 47.
47
What is the greatest common factor of 3894 and 2?
2
Calculate the greatest common divisor of 70 and 13370.
70
What is the greatest common factor of 152 and 1634?
38
Calculate the greatest common divisor of 22 and 1067.
11
What is the greatest common divisor of 28 and 24?
4
Calculate the highest common factor of 986 and 34.
34
What is the greatest common divisor of 351 and 936?
117
What is the highest common divisor of 112 and 1968?
16
Calculate the highest common factor of 2162 and 46.
46
Calculate the highest common factor of 1500 and 23625.
375
Calculate the highest common factor of 1876 and 4.
4
Calculate the highest common divisor of 1675 and 134.
67
What is the highest common divisor of 316 and 4?
4
What is the greatest common factor of 56 and 322?
14
Calculate the highest common divisor of 1 and 64.
1
What is the greatest common divisor of 72 and 45?
9
What is the greatest common factor of 1887 and 255?
51
Calculate the highest common factor of 675 and 864.
27
What is the highest common divisor of 48 and 4956?
12
What is the highest common divisor of 6 and 176?
2
What is the highest common factor of 38 and 2831?
19
What is the highest common factor of 342 and 190?
38
What is the greatest common factor of 228 and 7239?
57
Calculate the highest common factor of 12 and 516.
12
What is the greatest common factor of 1498 and 5350?
214
Calculate the highest common factor of 12 and 3252.
12
Calculate the highest common factor of 4981 and 34.
17
What is the highest common divisor of 2616 and 109?
109
What is the highest common divisor of 130 and 1105?
65
Calculate the highest common factor of 248 and 31.
31
Calculate the greatest common factor of 285 and 15.
15
Calculate the greatest common factor of 111 and 185.
37
Calculate the greatest common factor of 52 and 11596.
52
What is the greatest common factor of 11 and 3091?
11
What is the highest common factor of 229 and 4351?
229
What is the greatest common divisor of 493 and 17?
17
What is the highest common factor of 181 and 1?
1
What is the greatest common factor of 765 and 360?
45
Calculate the highest common factor of 13 and 2171.
13
Calculate the highest common divisor of 72 and 324.
36
Calculate the highest common factor of 9 and 39.
3
Calculate the greatest common factor of 588 and 7266.
42
Calculate the highest common divisor of 35 and 168.
7
What is the greatest common divisor of 104 and 16?
8
What is the greatest common factor of 864 and 1056?
96
Calculate the highest common factor of 121 and 187.
11
Calculate the greatest common factor of 13603 and 223.
223
What is the greatest common divisor of 260 and 1443?
13
Calculate the greatest common factor of 9 and 576.
9
Calculate the highest common factor of 119 and 68.
17
What is the highest common divisor of 44 and 858?
22
Calculate the highest common divisor of 89 and 6319.
89
What is the highest common factor of 996 and 324?
12
Calculate the greatest common factor of 105 and 180.
15
Calculate the highest common factor of 7 and 217.
7
What is the highest common divisor of 2 and 22?
2
What is the greatest common divisor of 63 and 168?
21
Calculate the highest common divisor of 128 and 1408.
128
What is the highest common factor of 63 and 18?
9
What is the highest common factor of 43 and 3354?
43
What is the highest common factor of 385 and 55?
55
What is the highest common divisor of 72 and 38808?
72
Calculate the greatest common factor of 50 and 47525.
25
What is the greatest common divisor of 132 and 36?
12
What is the highest common factor of 92 and 6762?
46
Calculate the greatest common divisor of 2 and 1262.
2
Calculate the greatest common factor of 9922 and 246.
82
What is the greatest common divisor of 360 and 648?
72
What is the highest common factor of 642 and 13910?
214
What is the greatest common divisor of 138 and 4071?
69
Calculate the greatest common divisor of 32 and 336.
16
What is the greatest common divisor of 1356 and 36?
12
What is the highest common factor of 350 and 42?
14
What is the greatest common divisor of 480 and 1040?
80
What is the greatest common factor of 6 and 402?
6
Calculate the greatest common divisor of 134 and 33634.
134
What is the greatest common factor of 70 and 1120?
70
What is the greatest common factor of 101 and 9999?
101
Calculate the greatest common divisor of 144 and 3042.
18
What is the highest common divisor of 2016 and 612?
36
Calculate the greatest common factor of 119 and 17.
17
What is the greatest common divisor of 274 and 2?
2
Calculate the highest common divisor of 156 and 132.
12
Calculate the highest common divisor of 6 and 1389.
3
Calculate the highest common divisor of 279 and 248.
31
Calculate the highest common factor of 1763 and 473.
43
What is the highest common divisor of 256 and 12?
4
Calculate the greatest common factor of 1442 and 1854.
206
Calculate the highest common divisor of 208 and 351.
13
What is the greatest common factor of 30 and 300?
30
What is the highest common factor of 10 and 3510?
10
What is the highest common factor of 309 and 412?
103
What is the highest common divisor of 24 and 588?
12
Calculate the greatest common factor of 86 and 43.
43
What is the greatest common factor of 152 and 209?
19
What is the greatest common factor of 33 and 88?
11
What is the highest common divisor of 120 and 1280?
40
Calculate the highest common factor of 3956 and 1548.
172
What is the highest common factor of 2451 and 3?
3
What is the greatest common factor of 278 and 2?
2
Calculate the highest common divisor of 4 and 64.
4
What is the highest common factor of 114 and 27?
3
Calculate the greatest common divisor of 990 and 10.
10
What is the highest common divisor of 6161 and 61?
61
Calculate the highest common divisor of 2312 and 85.
17
Calculate the highest common factor of 13587 and 21.
21
What is the highest common divisor of 208 and 4628?
52
Calculate the highest common factor of 2616 and 12.
12
Calculate the highest common factor of 6215 and 220.
55
What is the highest common divisor of 8 and 72?
8
What is the highest common divisor of 75 and 9225?
75
What is the highest common factor of 14507 and 163?
163
What is the highest common divisor of 31 and 5208?
31
Calculate the greatest common factor of 70 and 266.
14
Calculate the highest common divisor of 9 and 288.
9
Calculate the highest common divisor of 412 and 6.
2
Calculate the greatest common factor of 171 and 95.
19
Calculate the greatest common factor of 324 and 27.
27
Calculate the greatest common factor of 40 and 3265.
5
Calculate the highest common factor of 104 and 13.
13
Calculate the greatest common factor of 90 and 990.
90
Calculate the highest common divisor of 97 and 1.
1
Calculate the highest common factor of 231 and 4125.
33
What is the greatest common divisor of 90 and 864?
18
Calculate the greatest common divisor of 9 and 801.
9
Calculate the greatest common divisor of 715 and 110.
55
Calculate the highest common divisor of 32 and 1796.
4
Calculate the greatest common factor of 594 and 216.
54
What is the highest common divisor of 88 and 64?
8
What is the highest common factor of 612 and 24?
12
Calculate the highest common facto